 -0*q, 0 = -3*q - 3. Let t(m) = -m - 2 - 2 + 5 + 2*m - 4*m**p. Calculate the remainder when t(-1) is divided by 2.
0
Suppose x = 44 - 18. What is the remainder when 50 is divided by x?
24
Let l(x) = -x**3 + 2*x**2 - 3*x + 1. Suppose 3*s - 57 = 3*q, 75 = 5*s - 0*q - q. What is the remainder when l(-3) is divided by s?
13
Let o(n) = n**2 - 8*n + 6. Let z be o(6). Calculate the remainder when 30 + z/(-3) + -5 is divided by 15.
12
Let c(z) = -8*z + 10. Let d be (3 - 1)*(-18 + 15). Suppose y - 5*l - 11 = 9, -33 = -2*y + 3*l. Calculate the remainder when c(d) is divided by y.
13
Let y(k) = k**3 + 8*k**2 - 2. Let v be y(-8). Let a(q) = 2*q**2 - 2*q - 2. What is the remainder when 25 is divided by a(v)?
5
Let r = 46 + -33. Suppose 0 = -2*h + 1 + r. Suppose -2*q + h*q - 14 = 2*t, -2*t = -3*q + 6. Calculate the remainder when 7 is divided by t.
1
Suppose 2*c + x - 3 = 0, 5*x = -4*c + 2 + 1. Suppose 0*t - 10 = -c*t. What is the remainder when 12 is divided by t?
2
Suppose -i - 6 = i. Let u = 6 + i. Suppose 3*q - 97 = -u*r - 34, 2*r - 40 = -q. Calculate the remainder when r is divided by 10.
9
Let q(w) = -6*w + 111. What is the remainder when q(7) is divided by 24?
21
Let z = 19 + -10. Let q be (-3)/(4/416*-6). Let v = -19 + q. What is the remainder when v is divided by z?
6
Suppose -3*l + 2*h = 3*h - 107, 4*h + 150 = 5*l. What is the remainder when l is divided by 12?
10
Let o(c) = 1 - 1 + 1 + c. Let d(p) = -p + 10. Let a be d(7). What is the remainder when 10 is divided by o(a)?
2
Let l(m) = 9*m + 1. Suppose 0 = 5*z - s - 12, -5 = 2*z + 3*s - 3. What is the remainder when 35 is divided by l(z)?
16
Suppose 2*y = -3*y + 30. Let u = y - 3. Suppose -u*i - 135 = -6*i. Calculate the remainder when i is divided by 16.
13
Let j(d) = d**3 - 5*d**2 - 4*d. Let t be j(6). Let x(b) = -4*b + 4. Calculate the remainder when 443/7 + t/(-42) is divided by x(-3).
15
Let r(u) = u**3 - 3*u**2 + u - 1. Let l be r(4). Suppose 3 - l = -j. Let t(y) = -y + 62. Calculate the remainder when t(0) is divided by j.
14
Let k be 2950/35 + (-2)/7. Suppose f + 4*w + 4 = 25, -3*w = -4*f + k. Calculate the remainder when 40 is divided by f.
19
Let y(z) = 14*z + 1. Let u(b) be the first derivative of 29*b**2/2 - b - 1. Calculate the remainder when u(1) is divided by y(1).
13
Suppose 0*k + 27 = t + 4*k, -4*t + 72 = -2*k. What is the remainder when 56 is divided by t?
18
Let d(n) = -n**2 + 7*n + 10. Let a be 3/9 - 388/(-6). Let l = 93 - a. Calculate the remainder when l is divided by d(7).
8
Let o(g) = -g**2 + 3*g + 12. Let t be o(6). Let x(y) be the second derivative of -y**3/6 + 7*y**2/2 - y. Calculate the remainder when x(t) is divided by 5.
3
Let s(n) = 38*n**2 + 1. Let o(m) = -m. Let l be o(-1). What is the remainder when s(l) is divided by 10?
9
Let x = -4 + 3. What is the remainder when 16 is divided by (2 + x)*3*3?
7
Suppose 0 = 3*u - 6, -4*t + 3*u = -86. Let j = -26 + 15. Let d = 19 + j. What is the remainder when t is divided by d?
7
Suppose 12*b = 10*b + 88. Calculate the remainder when b is divided by 9.
8
Let b = 108 + -93. What is the remainder when 28 is divided by b?
13
Suppose -2*h - h - 162 = -3*b, -3*b - 2*h + 142 = 0. Calculate the remainder when b is divided by 17.
16
Suppose 2*f = 3*w + 73, -3*f - 5*w = -0*w - 138. Let a = f + -28. Calculate the remainder when 23 is divided by a.
10
Let n(o) = -63*o - 13. What is the remainder when n(-6) is divided by 46?
43
Suppose -3*m = a - 4*a + 21, 5*m + 5*a + 15 = 0. Let x = m - -49. Calculate the remainder when x is divided by 23.
21
Suppose -23 = -4*x + 5*g, 4*x + 2*g = 2*x - 2. Suppose -x + 14 = 3*u. Suppose -2*s + u + 6 = 0. What is the remainder when 9 is divided by s?
4
Let b = 102 + -94. What is the remainder when 10 is divided by b?
2
Suppose 3*s - 49 = -2*f + 6*s, -4*s - 12 = 0. Calculate the remainder when f is divided by 11.
9
Let d(j) = 12*j + 6. What is the remainder when 107 is divided by d(4)?
53
Suppose 5*w - 44 = w + 4*r, 0 = -w + 2*r + 8. Let f = w + 0. Suppose 0 = l - f - 28. What is the remainder when l is divided by 15?
12
Suppose b - 8 = -b. What is the remainder when 9 is divided by b?
1
Let g(w) = w**2 + 2*w - 3. Suppose 0 = 3*a - 10 + 1. Let i be g(a). Suppose -6*f + 3*f = -i. What is the remainder when 14 is divided by f?
2
Suppose -5*t - 7 = -6*t. Suppose 2*a - 10 = -3*a. Suppose -22 = -a*k - p, 0*k - 44 = -3*k + 4*p. What is the remainder when k is divided by t?
5
Suppose -5*j = u + 4 - 3, -3*j - 3 = 0. Let x be ((-2)/(-1) - 1)/(-1). Let n = 2 - x. Calculate the remainder when u is divided by n.
1
Suppose 3*w + 24 = w. Let b be 3/(-18) + (-62)/w. Suppose -5*q - 5*l + 25 = 0, 3*q + 5 - 22 = -b*l. What is the remainder when 6 is divided by q?
2
Let c(z) = z**3 - 3*z**2 + 4*z + 1. Suppose m + 4*v = 121, -v + 385 = -m + 4*m. Calculate the remainder when m is divided by c(4).
30
Suppose -6 = -3*w, 4*i - i + 5*w = 190. Let a = i - 7. Calculate the remainder when a is divided by 18.
17
Suppose -3*u = -4*u - 4. Calculate the remainder when 1 - (-42)/(-1 - u) is divided by (-6)/(-1*(-9)/(-12)).
7
Let l = 86 + -135. What is the remainder when 21 is divided by (-546)/l + 1/(-7)?
10
Calculate the remainder when 2 - 1/((-4)/372) is divided by 24.
23
Suppose -n + 3*n - 4 = 0. Suppose c - 2*k = 29, -c - 79 = -4*c + n*k. Calculate the remainder when c is divided by 13.
12
Let z be (-7)/2*(-5 + 3). Suppose 54 = 2*v + j, 2*v - 71 = 4*j - z. What is the remainder when v is divided by 10?
8
Suppose -8*k = -3*k - 15. Calculate the remainder when ((-8)/6)/((-2)/12) is divided by k.
2
What is the remainder when 12/(-15)*(-270)/4 is divided by 11?
10
Let u(o) = 32*o**2 - o + 2. What is the remainder when u(-2) is divided by 27?
24
Suppose 4*i - i + 4*m + 11 = 0, 19 = 3*i - 2*m. Let d = -9 - -14. What is the remainder when d is divided by i/2 - (-1)/2?
1
Suppose -2*h - l = 2*l - 18, 26 = 2*h + 5*l. Let x(q) = 1 + q + q - h*q. What is the remainder when x(-3) is divided by 3?
1
Let q(p) = -p**2 - 23*p - 38. Calculate the remainder when q(-12) is divided by 24.
22
Let a = 9 - 4. Suppose 2*b + 2*b = -a*d + 39, -4*b + 4*d = -48. What is the remainder when 19 is divided by b?
8
Suppose -4*j + 2 = -b - 38, 30 = 3*j - 4*b. Let u = -24 - -42. What is the remainder when 16 is divided by (2 + 3)*u/j?
7
Suppose 0*v - 24 = -4*v. Let t be (-123)/v*(-1 - 1). Suppose -q = 5*i - 1, -2*q + 2*i = -i - t. What is the remainder when 47 is divided by q?
15
Suppose 158 = 2*l + 3*z, -2*l - 2*z + 27 = -135. Calculate the remainder when l is divided by 22.
19
Let v(o) = o**3 - o**2 - 3*o - 3. Let s be v(3). Suppose 2 + 3 = t. What is the remainder when 15 is divided by 37/t - s/(-10)?
7
Let t = 71 - -25. Suppose -3*s = a + 1 - 11, -t = -4*a + 2*s. Let x(c) = 12*c**3 + c**2 - c. What is the remainder when a is divided by x(1)?
10
Suppose -n = -2*n + 1. Let y(p) = 15*p. Calculate the remainder when y(n) is divided by 8.
7
Let s(k) = k**3 - 9*k**2 + 10*k - 10. Calculate the remainder when 35 is divided by s(8).
5
Let g(f) = -f**3 + 10*f**2 - 10*f + 7. Calculate the remainder when g(6) is divided by 31.
29
Let u(z) = -z**3 + 16*z**2 + z - 9. Calculate the remainder when 23 is divided by u(16).
2
Suppose 4*g - 4 = -0*g + 3*t, g - 3*t = -8. Let u = -12 + 13. What is the remainder when g is divided by u?
0
Let f be 6 + (-2)/4*2. Let z(l) = l**3 - 4*l**2 - 3*l - 2. What is the remainder when 37 is divided by z(f)?
5
Suppose 0 = -4*b - 0 + 124. What is the remainder when b is divided by 11?
9
Let d(m) = -m**3 + 4*m**2 - m + 2. Let s = 12 - 6. Let q = 9 - s. What is the remainder when 22 is divided by d(q)?
6
Let x(y) = -y**2 - 17*y - 8. Calculate the remainder when x(-16) is divided by 4.
0
Let f(u) = 9*u - 1. What is the remainder when f(4) is divided by 9?
8
Let b = 16 - 13. What is the remainder when 5 is divided by b?
2
Let s(n) = n**3 - 5*n**2 - n - 12. Calculate the remainder when 63 is divided by s(6).
9
Suppose -r = 3*c - 7*c + 12, 0 = r + 4*c - 28. Calculate the remainder when 38 is divided by r.
6
Let o(k) = k**3 - 12*k**2 - 12*k + 17. What is the remainder when 89 is divided by o(13)?
29
Suppose -138 + 3 = -4*z - 5*a, 2*z - 4*a - 74 = 0. What is the remainder when 30 is divided by (-20)/z - (-162)/14?
8
Suppose -6*t = 9*t - 450. What is the rema